composite?
False
Is 21971 a prime number?
False
Is 71549 prime?
True
Is 16823 prime?
True
Is 20609 a prime number?
False
Is 9953 prime?
False
Is 483317 a prime number?
True
Is 8887 a composite number?
False
Is 154893 a composite number?
True
Is 1151 composite?
False
Is 23459 a composite number?
False
Is 23663 a prime number?
True
Is 808853 a prime number?
True
Is 104057 a composite number?
True
Is 638291 a composite number?
True
Is 89627 a prime number?
True
Is 237271 a composite number?
False
Is 78803 a composite number?
False
Is 70985 a composite number?
True
Is 19531 a prime number?
True
Is 5926 prime?
False
Is 287137 composite?
False
Is 71141 prime?
False
Is 410953 a prime number?
True
Is 621217 composite?
False
Is 486923 composite?
False
Is 11591 prime?
False
Is 42191 composite?
True
Is 4045 a prime number?
False
Is 156941 composite?
False
Is 2579 composite?
False
Is 10201 a prime number?
False
Is 157343 composite?
True
Is 829006 a prime number?
False
Is 44159 prime?
True
Is 3622 a composite number?
True
Is 766 a composite number?
True
Is 221311 composite?
False
Is 295107 a composite number?
True
Is 14114 prime?
False
Is 33409 prime?
True
Is 51995 a composite number?
True
Is 4535 prime?
False
Is 7723 composite?
False
Is 19069 composite?
False
Is 35195 a prime number?
False
Is 1703833 a composite number?
False
Is 29897 a prime number?
False
Is 24359 composite?
False
Is 22961 prime?
True
Is 631 a composite number?
False
Is 8269 a prime number?
True
Is 7253 prime?
True
Is 48835 a prime number?
False
Is 5153 a composite number?
False
Is 43889 a prime number?
True
Is 38938 a prime number?
False
Is 6197 composite?
False
Is 144637 a composite number?
True
Is 31957 composite?
False
Is 1190747 a prime number?
False
Is 265789 composite?
True
Is 28643 prime?
True
Is 154903 prime?
False
Is 57417 composite?
True
Is 10223 a prime number?
True
Is 40805 a composite number?
True
Is 5399 a prime number?
True
Is 6299 prime?
True
Is 8458 prime?
False
Is 104245 a composite number?
True
Is 39791 prime?
True
Is 3631 composite?
False
Is 1949 a composite number?
False
Is 32687 composite?
False
Is 276227 prime?
False
Is 151537 composite?
False
Is 1637 composite?
False
Is 359939 a composite number?
True
Is 49079 prime?
False
Is 54062 prime?
False
Is 6521 a composite number?
False
Is 173993 a prime number?
True
Is 12938 prime?
False
Is 9037 a composite number?
True
Is 539017 a composite number?
True
Is 9707 a composite number?
True
Is 2201 a prime number?
False
Is 453217 a prime number?
True
Is 4181 a composite number?
True
Is 5563 a prime number?
True
Is 1201 a prime number?
True
Is 298723 a prime number?
True
Is 14047 composite?
True
Is 10893 a composite number?
True
Is 105319 composite?
False
Is 57217 a prime number?
False
Is 17783 a composite number?
False
Is 49559 a prime number?
True
Is 138793 a prime number?
True
Is 119873 prime?
False
Is 10383 prime?
False
Is 3181 a prime number?
True
Is 3865 prime?
False
Is 20973 prime?
False
Is 45347 a composite number?
True
Is 5118339 prime?
False
Is 45301 a prime number?
False
Is 39189 a prime number?
False
Is 59519 a prime number?
False
Is 6521 prime?
True
Is 758819 a composite number?
False
Is 69541 a composite number?
True
Is 329869 prime?
False
Is 7343 a composite number?
True
Is 413759 a composite number?
False
Is 26545 a composite number?
True
Is 1978799 a composite number?
False
Is 6843 a composite number?
True
Is 123719 prime?
True
Is 4201 a composite number?
False
Is 129911 a prime number?
False
Is 101677 prime?
False
Is 11801 prime?
True
Is 12818789 a composite number?
False
Is 30803 a prime number?
True
Is 18595 a prime number?
False
Is 23939 a composite number?
True
Is 36829 prime?
False
Is 9271 a composite number?
True
Is 202403 a composite number?
False
Is 11197 a prime number?
True
Is 109261 prime?
False
Is 40633 prime?
False
Is 105349 a composite number?
True
Is 27007 a composite number?
True
Is 129169 composite?
False
Is 501335 composite?
True
Is 15833 composite?
True
Is 488759 prime?
True
Is 3212297 a composite number?
True
Is 21745 composite?
True
Is 3697 composite?
False
Is 863977 composite?
True
Is 128717 a composite number?
False
Is 7439 a composite number?
True
Is 9257 a prime number?
True
Is 18967 composite?
True
Is 866329 prime?
True
Is 156419 prime?
True
Is 228455 a composite number?
True
Is 4853 composite?
True
Is 11758 a prime number?
False
Is 88093 a prime number?
True
Is 387161 a prime number?
True
Is 73497 a composite number?
True
Is 11359 a prime number?
False
Is 803669 prime?
True
Is 186647 composite?
False
Is 845977 composite?
True
Is 23207 prime?
False
Is 47053 prime?
False
Is 13639 a prime number?
False
Is 819229 a prime number?
True
Is 75679 composite?
False
Is 123231 composite?
True
Is 12449 a prime number?
False
Is 141058 prime?
False
Is 238619 prime?
False
Is 761021 composite?
True
Is 16085 a composite number?
True
Is 3659 composite?
False
Is 1637 a composite number?
False
Is 10291 composite?
True
Is 119 a prime number?
False
Is 838 a prime number?
False
Is 1598771 a composite number?
True
Is 1621 prime?
True
Is 621671 composite?
False
Is 2710706 a prime number?
False
Is 32183 a composite number?
False
Is 940243 a composite number?
True
Is 5099 a prime number?
True
Is 6953 a composite number?
True
Is 407783 a composite number?
False
Is 690037 prime?
True
Is 6599 prime?
True
Is 161921 composite?
False
Is 9663 prime?
False
Is 67957 a prime number?
True
Is 145633 a composite number?
False
Is 10727 composite?
True
Is 10847 a composite number?
False
Is 371 a prime number?
False
Is 1830523 a prime number?
True
Is 832313 a prime number?
False
Is 636211 a prime number?
True
Is 187313 composite?
True
Is 6467 composite?
True
Is 12721 composite?
False
Is 178753 a prime number?
True
Is 1399 prime?
True
Is 84887 a composite number?
True
Is 92198 a composite number?
True
Is 1466 composite?
True
Is 44159 composite?
False
Is 1689 composite?
True
Is 36293 prime?
True
Is 42391 a composite number?
False
Is 4159 composite?
False
Is 103289 prime?
True
Is 77 a composite number?
True
Is 12131 prime?
False
Is 160117 composite?
False
Is 24439 composite?
False
Is 22963 prime?
True
Is 91367 prime?
True
Is 827213 composite?
False
Is 661763 a prime number?
False
Is 46743 composite?
True
Is 16499 prime?
False
Is 91493 prime?
True
Is 1001113 composite?
True
Is 450123 composite?
True
Is 1723863 a composite number?
True
Is 41651 prime?
True
Is 709817 a prime number?
True
Is 24657 a composite number?
True
Is 57927 a composite number?
True
Is 130337 a composite number?
False
Is 119 a composite number?
True
Is 314807 a composite number?
False
Is 33311 composite?
False
Is 595703 composite?
False
Is 20249 a prime number?
True
Is 1238901 a prime number?
False
Is 4237 prime?
False
Is 162593 prime?
True
Is 1361 prime?
True
Is 138721 prime?
False
Is 18041 composite?
False
Is 3457 composite?
False
Is 2615147 a prime number?
True
Is 702883 composite?
True
Is 205427 a prime number?
True
Is 11643 a composite number?
True
Is 260405 a composite number?
True
Is 340519 a prime number?
True
Is 13961 composite?
True
Is 681991 a prime number?
False
Is 35579 composite?
True
Is 4861 a prime number?
True
Is 69779 a composite number?
False
Is 685859 a composite number?
False
Is 47631 prime?
False
Is 207899 a composite number?
True
Is 3061 a composite number?
False
Is 193513 prime?
True
Is 8147 a composite number?
False
Is 389161 a prime number?
True
Is 554 a prime number?
False
Is 10561 a composite number?
True
Is 667 composite?
True
Is 7523 prime?
True
Is 48253 a composite number?
True
Is 12197 a composite number?
False
Is 862 a prime number?
False
Is 99761 prime?
True
Is 1838 a prime number?
False
Is 5711 composite?
False
Is 11459 a composite number?
True
Is 3631 composite?
False
Is 1363 prime?
False
Is 80873 prime?
False
Is 427369 a composite number?
False
Is 29229 a composite number?
True
Is 59693 a composite number?
False
Is 9271 prime?
False
Is 101957 prime?
True
Is 649769 a prime number?
True
Is 25161 composite?
True
Is 851 a composite number?
True
Is 41771 composite?
False
Is 28115 a prime number?
False
Is 159233 a prime number?
True
Is 267949 prime?
False
Is 2376497 a composite number?
True
Is 13963 a composite number?
Fals